s d(5)?
0
Let n(w) be the first derivative of w**2/2 + 2*w + 2. Let j(q) = 2*q**2 + 38*q + 123. Let l be j(-15). Determine n(l).
5
Let n(o) = 2*o - 3*o**2 + o**2 + o + 4. Let x(h) = -h**3 + h**2 + 7*h - 3. Let a be x(3). Suppose 3*p - 10 = -v, a*p - 5 = -3*p + 4*v. What is n(p)?
-5
Let n(c) = -c**3 + c**2 - c. Suppose 6*z = z + 15. Let a(w) = 4*w**3 - 9*w**2 + 2*w - 6. Let o(u) = z*n(u) + a(u). Calculate o(6).
-12
Suppose k + 3*o - 6 = -3, 0 = -k - 5*o + 3. Suppose 7*u = k*u. Let g(a) be the second derivative of a**4/12 - 4*a**2 - 4*a. What is g(u)?
-8
Suppose 4*i + 0*i = -16. Let l(m) be the first derivative of -1 + 1/3*m**3 + 3/2*m**2 - 3*m. Give l(i).
1
Suppose -28 + 0 = -2*n + 4*t, -3*n + t = -17. Let q(h) = 2*h - n*h - 2*h. What is q(1)?
-4
Let f(d) = -3*d**2 + 6*d + 2. Let u be (-16)/(-12)*-3 - -7. Determine f(u).
-7
Let h(m) = -m**2 + 0 + 2 + 4*m - 1. Suppose 0 = -2*t - 2*a + 16 + 86, -4*a = -5*t + 246. Suppose 0 = -2*s - 44 + t. Calculate h(s).
4
Let g(u) = u**3 + 6*u**2 + 3*u - 4. Suppose -38 = 8*k + 10. Calculate g(k).
-22
Suppose -34*y + 33*y + 2 = 0. Suppose m + 3*f + 2 = 0, -f - 2 = -m - y*f. Let g(b) = -2*b + 5. What is g(m)?
-3
Let z(n) = 2*n**3 - 108*n**2 - 110*n + 2. Let q be z(55). Let i(c) be the first derivative of -1/4*c**4 + 1 + q*c**3 - 4*c + 9/2*c**2. Determine i(7).
10
Let n(b) be the third derivative of -b**6/120 - b**5/20 - b**4/12 - b**3/3 - 9*b**2. Suppose 34 = -3*q - 8. Let w be (-17)/6 - q/(-84). Give n(w).
4
Let v(t) = 23*t + 8. Let y(c) = -55*c - 15. Let l(g) = 7*v(g) + 3*y(g). Determine l(5).
-9
Let b(i) be the third derivative of -i**5/20 + 5*i**4/12 - i**3 + 359*i**2. Give b(4).
-14
Let d(m) = -8*m**2 + m. Suppose 7*n = 10*n - 18. Suppose -5*g - n = g. Give d(g).
-9
Suppose -11 + 2 = -5*y - 3*b, -2*y - 15 = -5*b. Let x(i) be the third derivative of 3*i**2 + 1/8*i**4 - i**3 + y + 0*i. Calculate x(4).
6
Let g(z) = z**2 - 10*z + 2. Let r(f) be the third derivative of -f**5/20 + 29*f**4/24 - 7*f**3/6 + 13*f**2. Let j(w) = 8*g(w) + 3*r(w). Calculate j(6).
1
Let w = -2/179 + 227/4296. Let z(b) be the third derivative of 2/3*b**3 - 1/120*b**6 + 0*b - 2*b**2 + 0 - 1/15*b**5 - w*b**4. Calculate z(-3).
-2
Let l(k) be the first derivative of k**4/4 + 7*k**3 + 10*k**2 - 3*k + 479. Give l(-20).
-3
Let t(r) be the third derivative of 11*r**2 + 0 - 1/20*r**5 - 1/6*r**4 + 0*r - 1/120*r**6 - 1/2*r**3. Let g be t(-2). Let b(q) = -8*q**3 - q. Give b(g).
-9
Let x(a) = -a - 1. Let r(m) = -m - 2. Let p(t) = -4*r(t) + 5*x(t). Let f = -39 + 47. What is p(f)?
-5
Let h(b) = 2*b**2 - 5*b. Let f be (-27)/9 + (-28)/(-4). Calculate h(f).
12
Suppose -3*n = 13 + 11. Let t = n + 7. Let p(u) = -7*u + 1. Determine p(t).
8
Suppose -52 + 43 = l. Let v(g) = -2*g - 11. What is v(l)?
7
Let a(p) = -7 - 2*p + p**2 - 4*p - 5*p + 7*p. Let n be 1*(-1)/3*-21. Give a(n).
14
Let m = 15 - 16. Let b(q) be the first derivative of 1 + 0*q + 7/2*q**2. What is b(m)?
-7
Let s(d) = -d**3 - d**2 - 6. Let l be (-2)/(-7) - (-4)/(-14). Suppose 6*y - y = l. Calculate s(y).
-6
Let g(h) be the second derivative of 2*h**3/3 + h**2/2 + 2*h. Let c = 2867 + -2862. What is g(c)?
21
Let z(m) = -m + 2. Let l = -1572 - -1583. Give z(l).
-9
Let o(s) = s + 3. Let q be o(-1). Suppose 0 = -w + 5*g - 14, -q*w - 2*g + g + 5 = 0. Let h(a) = 9*a**3. Determine h(w).
9
Let k be 3 - 2*(-1 + 0). Let q = -5 - -9. Let a(i) = 126 + 3*i - 118 - q*i. Give a(k).
3
Let q(u) = 10*u**2 - 8*u**2 + 11*u**2. Let x = 9 + -9. Let m(s) = -s - 1. Let l be m(x). Give q(l).
13
Let p = -99 + 100. Let x(i) = -2 + 0 + 1. Let n(b) = -b**2 + 5*b + 4. Let j(s) = p*n(s) + 6*x(s). What is j(4)?
2
Let q be (-1 + 1)/(9 + -8). Suppose q = -4*w - w. Let a be w/(-1 - (3 - 3)). Let b(s) = -s**2 - 6. What is b(a)?
-6
Let g(l) = -10*l**3 + 3*l**2 + 5*l - 7. Let i(o) = -7*o**3 + 2*o**2 + 3*o - 5. Let y(n) = -5*g(n) + 7*i(n). Determine y(-3).
-24
Let v(x) = -23*x + 21. Let f(p) = -2*p + 2. Let n(y) = -44*f(y) + 4*v(y). Give n(3).
-16
Let s(j) = j**2 - j + 4. Let q(c) = -c**3 - 4*c**2 + 9*c - 12. Let l(f) = q(f) + 4*s(f). Calculate l(-4).
48
Let p(h) = -h. Let b(t) = -2*t. Let u(d) = 2*b(d) - 2*p(d). Calculate u(0).
0
Suppose 48 = 13*a - 5*a. Suppose -q - 3*h - 1 + 0 = 0, -4*q = -2*h - 10. Suppose a = -b - q*b. Let n(v) = 2*v**3 + 3*v**2 + 2*v + 2. What is n(b)?
-6
Let j(i) = -3*i - 3. Let c be j(-3). Let w(f) = 3*f**2 + 9*f + 4. Let s(x) = x + 2*x**2 + 0*x**2 - 4*x**2 + 3*x**2. Let y(m) = 4*s(m) - w(m). What is y(c)?
2
Let l(j) = j - 4. Let f(b) = 2*b - 3. Let n(k) = 3*f(k) - 4*l(k). Let x be n(-3). Suppose 3*h - 5 - x = 0. Let c(g) = -3*g. What is c(h)?
-6
Let z(b) = 10*b**2 - 1. Let i = 26 + -27. Give z(i).
9
Let s(g) = -g**3 - 9*g**2 + 9*g - 12. Let p be 2 + -5 - (-6 - -13). Let d be s(p). Let u(m) = 2*m**3 - m**2 - 2*m. Calculate u(d).
-16
Let v(j) = j - 1. Suppose -9*u - 53 = -26. What is v(u)?
-4
Let r(y) = -4*y**2 + 5*y - 1. Suppose 0 = z - 2*o + 3, -8 = -4*z + 9*z - 3*o. Let q(m) = m**2. Let u(t) = z*r(t) - 3*q(t). Determine u(5).
1
Let h(s) = -s**2 - 9*s - 8. Let f(d) = 22 - 19 - 15 - d. Let v be f(-8). Let y(x) = -x - 10. Let m be y(v). Determine h(m).
10
Let y = -10 + 6. Let r(m) = -m**3 - 3*m**2 + 4*m + 2. Let d be r(y). Let q(x) = d*x - 3*x + 3 - 2 - 2. Calculate q(1).
-2
Suppose 9*n + 36 - 63 = 0. Suppose -2*g = n*g - 20. Let c(q) = -5 + q**3 - 2*q + q**2 - 5*q**2 + q**2. Determine c(g).
3
Let i(z) be the first derivative of -z**4/4 - 2*z**3 + 5*z**2 + 234. Give i(-7).
-21
Let x(k) = -6*k**3 + k**2 - 2*k - 4. Let a(p) = 2*p**2 - 3*p + 3. Let o be a(2). Let f(u) = u**3 + u**2 + 1. Let n(g) = o*f(g) + x(g). What is n(6)?
-11
Let r be 7/(63/(-24))*3/(-4). Let b(m) = -m**2 + 4*m. Give b(r).
4
Suppose 2*w + 37 = q, q - 2*w = -6*w + 31. Let p(c) = 9*c + c**3 + 43*c**2 - 2 - q*c**2 + 12. Determine p(-7).
-4
Let j(a) = -102*a + 14 + 19 + 50*a + 46*a. What is j(6)?
-3
Let b(d) = 7*d**2 + d. Let g = 14 + -29. Let x = g - -12. Let t = x + 4. What is b(t)?
8
Let q(g) be the second derivative of g**4/12 - 5*g**3/6 - g**2/2 + 209*g. What is q(8)?
23
Let z = -18 - -20. Let o(w) = 13 - 20 - w**2 - z*w - 6*w. Determine o(-6).
5
Let h(r) = 4*r - 2. Let c(a) = 2*a**2 - 35*a + 20. Let x be c(17). Suppose 1 = -x*p + 10. Calculate h(p).
10
Let w = -199 - -206. Let g(m) be the first derivative of -m**2/2 - 2*m + 21. What is g(w)?
-9
Let x(v) = v**2 + 6*v + 2. Let q(c) = 10 + c - 2 + 4. Let y be q(-17). Calculate x(y).
-3
Suppose 4*q + 17 - 17 = 0. Let k = 14 + -9. Suppose 2*g + q*g = -5*c + k, 0 = 3*g + 5*c. Let w(a) = 4*a + 3. What is w(g)?
-17
Let z(n) = -2*n**2 + 19*n + 66. Let c be z(-3). Let j(d) = -d**3 - 9*d**2 - 3*d - 23. Determine j(c).
4
Let w(b) be the second derivative of -b**4/6 + b**3/3 + 3*b**2/2 - 119*b - 2. Give w(-2).
-9
Let r = 24 - -35. Let b(y) = r*y + 60*y - 120*y. What is b(5)?
-5
Let w(o) = o - 1. Let v(f) = -f**3 + 7*f**2 - 7*f + 9. Let h be v(5). Let t be (-45)/(-12)*h/18. Calculate w(t).
4
Let y be 294/12 - (-12)/(-8). Let r = y + -23. Let b(u) = u**3 + 9. Give b(r).
9
Let l(k) = -4*k - 4. Let m be 3/(2 - 66/24). Determine l(m).
12
Suppose 3*j = 9 - 0. Let a(u) = -2*u + j - 2 + 1. Calculate a(4).
-6
Let r(w) be the third derivative of -w**9/4032 - w**8/10080 + w**6/720 - 19*w**5/30 - 41*w**2. Let y(x) be the third derivative of r(x). Calculate y(1).
-16
Let x(l) = -l**3 - 5*l**2 + 6*l - 7. Let g be x(-6). Let k = -11 - g. Let q(a) = 2 - 5*a**2 - 6*a - a**3 + 2*a + 3. What is q(k)?
5
Let t(c) be the third derivative of 2/3*c**3 + 0 + 0*c + 46*c**2 + 1/24*c**4. Calculate t(0).
4
Let v(g) be the third derivative of -g**6/120 + g**5/60 + 3*g**4/8 + g**3/3 + 467*g**2. What is v(4)?
-10
Let v(z) be the second derivative of 7*z**5/120 + z**4/24 + 4*z**3/3 - 9*z. Let p(y) be the second derivative of v(y). Determine p(-1).
-6
Let r(t) = 3*t**2 - t - 3. Let q(m) = 4*m**2 - 2*m - 4. Let z(l) = 4*q(l) - 5*r(l). Calculate z(3).
-1
Let n be 4 + 3 + -2 + -4. Let g(s) = -15*s - 1. Determine g(n).
-16
Let h(a) = -a**3 + 4*a**2 - 5*a - 9. Let j = -21 + 26. Let r(w) = 10*w - 4*w - w + 8 - w - 4*w**2 + w**3. Let s(d) = j*r(d) + 4*h(d). Calculate s(4).
4
Let c(r) = -r**3 + r**2 + 5*r - 6. Let v = -75 - -73. Let a(t) = t**2 - t. Let k(g) = v*a(g) - c(g). Determine k(4).
10
Let o(f) be the second derivative of f**4/6 - f**3/